Last updated on 2025-11-02 17:49:56 CET.
| Flavor | Version | Tinstall | Tcheck | Ttotal | Status | Flags |
|---|---|---|---|---|---|---|
| r-devel-linux-x86_64-debian-clang | 0.3-1 | 4.72 | 47.22 | 51.94 | NOTE | |
| r-devel-linux-x86_64-debian-gcc | 0.3-1 | 3.46 | 36.63 | 40.09 | NOTE | |
| r-devel-linux-x86_64-fedora-clang | 0.3-1 | 11.00 | 70.52 | 81.52 | OK | |
| r-devel-linux-x86_64-fedora-gcc | 0.3-1 | 11.00 | 65.33 | 76.33 | OK | |
| r-devel-windows-x86_64 | 0.3-1 | 7.00 | 65.00 | 72.00 | OK | |
| r-patched-linux-x86_64 | 0.3-1 | 5.38 | 45.61 | 50.99 | OK | |
| r-release-linux-x86_64 | 0.3-1 | 4.94 | 45.00 | 49.94 | OK | |
| r-release-macos-arm64 | 0.3-1 | 3.00 | 24.00 | 27.00 | OK | |
| r-release-macos-x86_64 | 0.3-1 | 5.00 | 40.00 | 45.00 | OK | |
| r-release-windows-x86_64 | 0.3-1 | 6.00 | 63.00 | 69.00 | OK | |
| r-oldrel-macos-arm64 | 0.3-1 | 3.00 | 23.00 | 26.00 | NOTE | |
| r-oldrel-macos-x86_64 | 0.3-1 | 4.00 | 34.00 | 38.00 | NOTE | |
| r-oldrel-windows-x86_64 | 0.3-1 | 10.00 | 77.00 | 87.00 | NOTE |
Version: 0.3-1
Check: CRAN incoming feasibility
Result: NOTE
Maintainer: ‘Craig Wang <craig.wang@math.uzh.ch>’
Package CITATION file contains call(s) to old-style personList() or
as.personList(). Please use c() on person objects instead.
Package CITATION file contains call(s) to old-style citEntry(). Please
use bibentry() instead.
Flavors: r-devel-linux-x86_64-debian-clang, r-devel-linux-x86_64-debian-gcc
Version: 0.3-1
Check: LazyData
Result: NOTE
'LazyData' is specified without a 'data' directory
Flavors: r-oldrel-macos-arm64, r-oldrel-macos-x86_64, r-oldrel-windows-x86_64