CRAN Package Check Results for Package veccompare

Last updated on 2025-11-24 11:50:23 CET.

Flavor Version Tinstall Tcheck Ttotal Status Flags
r-devel-linux-x86_64-debian-clang 0.1.0 2.57 31.75 34.32 OK
r-devel-linux-x86_64-debian-gcc 0.1.0 1.76 24.91 26.67 OK
r-devel-linux-x86_64-fedora-clang 0.1.0 52.00 NOTE
r-devel-linux-x86_64-fedora-gcc 0.1.0 47.94 NOTE
r-devel-windows-x86_64 0.1.0 4.00 50.00 54.00 OK
r-patched-linux-x86_64 0.1.0 2.71 29.50 32.21 OK
r-release-linux-x86_64 0.1.0 2.43 29.40 31.83 OK
r-release-macos-arm64 0.1.0 OK
r-release-macos-x86_64 0.1.0 2.00 30.00 32.00 OK
r-release-windows-x86_64 0.1.0 5.00 54.00 59.00 OK
r-oldrel-macos-arm64 0.1.0 OK
r-oldrel-macos-x86_64 0.1.0 2.00 30.00 32.00 OK
r-oldrel-windows-x86_64 0.1.0 6.00 58.00 64.00 OK

Check Details

Version: 0.1.0
Check: dependencies in R code
Result: NOTE Namespace in Imports field not imported from: ‘pander’ All declared Imports should be used. Flavors: r-devel-linux-x86_64-fedora-clang, r-devel-linux-x86_64-fedora-gcc

mirror server hosted at Truenetwork, Russian Federation.