Last updated on 2025-02-22 05:51:55 CET.
Flavor | Version | Tinstall | Tcheck | Ttotal | Status | Flags |
---|---|---|---|---|---|---|
r-devel-linux-x86_64-debian-clang | 1.0.0 | 16.50 | 164.15 | 180.65 | OK | |
r-devel-linux-x86_64-debian-gcc | 1.0.0 | 12.46 | 112.16 | 124.62 | OK | |
r-devel-linux-x86_64-fedora-clang | 1.0.0 | 296.01 | OK | |||
r-devel-linux-x86_64-fedora-gcc | 1.0.0 | 269.39 | OK | |||
r-devel-macos-arm64 | 1.0.0 | 73.00 | OK | |||
r-devel-macos-x86_64 | 1.0.0 | 182.00 | OK | |||
r-devel-windows-x86_64 | 1.0.0 | 17.00 | 144.00 | 161.00 | OK | |
r-patched-linux-x86_64 | 1.0.0 | 16.63 | 152.15 | 168.78 | NOTE | |
r-release-linux-x86_64 | 1.0.0 | 16.57 | 149.98 | 166.55 | NOTE | |
r-release-macos-arm64 | 1.0.0 | 74.00 | NOTE | |||
r-release-macos-x86_64 | 1.0.0 | 132.00 | NOTE | |||
r-release-windows-x86_64 | 1.0.0 | 18.00 | 144.00 | 162.00 | NOTE | |
r-oldrel-macos-arm64 | 1.0.0 | 82.00 | NOTE | |||
r-oldrel-macos-x86_64 | 1.0.0 | 165.00 | NOTE | |||
r-oldrel-windows-x86_64 | 1.0.0 | 24.00 | 201.00 | 225.00 | NOTE |
Version: 1.0.0
Check: LazyData
Result: NOTE
'LazyData' is specified without a 'data' directory
Flavors: r-patched-linux-x86_64, r-release-linux-x86_64, r-release-macos-arm64, r-release-macos-x86_64, r-release-windows-x86_64, r-oldrel-macos-arm64, r-oldrel-macos-x86_64, r-oldrel-windows-x86_64