Last updated on 2024-06-29 12:48:35 CEST.
Flavor | Version | Tinstall | Tcheck | Ttotal | Status | Flags |
---|---|---|---|---|---|---|
r-devel-linux-x86_64-debian-clang | 0.4.0 | 4.47 | 52.60 | 57.07 | OK | |
r-devel-linux-x86_64-debian-gcc | 0.4.0 | 3.52 | 40.03 | 43.55 | OK | |
r-devel-linux-x86_64-fedora-clang | 0.4.0 | 72.38 | NOTE | |||
r-devel-linux-x86_64-fedora-gcc | 0.4.0 | 80.01 | NOTE | |||
r-devel-windows-x86_64 | 0.4.0 | 6.00 | 58.00 | 64.00 | OK | |
r-patched-linux-x86_64 | 0.4.0 | 3.99 | 49.79 | 53.78 | OK | |
r-release-linux-x86_64 | 0.4.0 | 4.08 | 49.58 | 53.66 | OK | |
r-release-macos-arm64 | 0.4.0 | 28.00 | OK | |||
r-release-macos-x86_64 | 0.4.0 | 44.00 | OK | |||
r-release-windows-x86_64 | 0.4.0 | 5.00 | 57.00 | 62.00 | OK | |
r-oldrel-macos-arm64 | 0.4.0 | 36.00 | OK | |||
r-oldrel-macos-x86_64 | 0.4.0 | 55.00 | OK | |||
r-oldrel-windows-x86_64 | 0.4.0 | 7.00 | 64.00 | 71.00 | OK |
Version: 0.4.0
Check: data for non-ASCII characters
Result: NOTE
Note: found 468 marked UTF-8 strings
Flavors: r-devel-linux-x86_64-fedora-clang, r-devel-linux-x86_64-fedora-gcc