CRAN Package Check Results for Package vindecodr

Last updated on 2025-05-22 18:52:23 CEST.

Flavor Version Tinstall Tcheck Ttotal Status Flags
r-devel-linux-x86_64-debian-clang 0.1.1 1.84 19.10 20.94 OK
r-devel-linux-x86_64-debian-gcc 0.1.1 1.44 15.71 17.15 OK
r-devel-linux-x86_64-fedora-clang 0.1.1 30.81 OK
r-devel-linux-x86_64-fedora-gcc 0.1.1 30.65 OK
r-devel-windows-x86_64 0.1.1 3.00 55.00 58.00 OK
r-patched-linux-x86_64 0.1.1 1.72 17.50 19.22 OK
r-release-linux-x86_64 0.1.1 1.54 17.05 18.59 OK
r-release-macos-arm64 0.1.1 17.00 OK
r-release-macos-x86_64 0.1.1 24.00 OK
r-release-windows-x86_64 0.1.1 4.00 68.00 72.00 OK
r-oldrel-macos-arm64 0.1.1 14.00 NOTE
r-oldrel-macos-x86_64 0.1.1 20.00 NOTE
r-oldrel-windows-x86_64 0.1.1 4.00 43.00 47.00 NOTE

Check Details

Version: 0.1.1
Check: LazyData
Result: NOTE 'LazyData' is specified without a 'data' directory Flavors: r-oldrel-macos-arm64, r-oldrel-macos-x86_64, r-oldrel-windows-x86_64

mirror server hosted at Truenetwork, Russian Federation.