CRAN Package Check Results for Package vipor

Last updated on 2025-11-03 05:50:59 CET.

Flavor Version Tinstall Tcheck Ttotal Status Flags
r-devel-linux-x86_64-debian-clang 0.4.7 2.03 57.79 59.82 NOTE
r-devel-linux-x86_64-debian-gcc 0.4.7 1.78 43.32 45.10 NOTE
r-devel-linux-x86_64-fedora-clang 0.4.7 86.67 OK
r-devel-linux-x86_64-fedora-gcc 0.4.7 99.21 OK
r-devel-windows-x86_64 0.4.7 4.00 92.00 96.00 OK
r-patched-linux-x86_64 0.4.7 2.14 54.90 57.04 OK
r-release-linux-x86_64 0.4.7 1.82 55.13 56.95 OK
r-release-macos-arm64 0.4.7 1.00 42.00 43.00 OK
r-release-macos-x86_64 0.4.7 2.00 75.00 77.00 OK
r-release-windows-x86_64 0.4.7 4.00 92.00 96.00 OK
r-oldrel-macos-arm64 0.4.7 1.00 38.00 39.00 OK
r-oldrel-macos-x86_64 0.4.7 2.00 59.00 61.00 OK
r-oldrel-windows-x86_64 0.4.7 5.00 105.00 110.00 OK

Check Details

Version: 0.4.7
Check: CRAN incoming feasibility
Result: NOTE Maintainer: ‘Scott Sherrill-Mix <ssm@msu.edu>’ No Authors@R field in DESCRIPTION. Please add one, modifying Authors@R: c(person(given = "Scott", family = "Sherrill-Mix", role = c("aut", "cre"), email = "ssm@msu.edu"), person(given = "Erik", family = "Clarke", role = "aut")) as necessary. Flavors: r-devel-linux-x86_64-debian-clang, r-devel-linux-x86_64-debian-gcc

mirror server hosted at Truenetwork, Russian Federation.