CRAN Package Check Results for Package votesys

Last updated on 2025-11-02 23:49:56 CET.

Flavor Version Tinstall Tcheck Ttotal Status Flags
r-devel-linux-x86_64-debian-clang 0.1.1 7.95 63.84 71.79 OK
r-devel-linux-x86_64-debian-gcc 0.1.1 6.29 46.09 52.38 OK
r-devel-linux-x86_64-fedora-clang 0.1.1 17.00 92.35 109.35 OK
r-devel-linux-x86_64-fedora-gcc 0.1.1 17.00 85.07 102.07 OK
r-devel-windows-x86_64 0.1.1 9.00 75.00 84.00 OK
r-patched-linux-x86_64 0.1.1 8.61 60.16 68.77 OK
r-release-linux-x86_64 0.1.1 8.21 60.32 68.53 OK
r-release-macos-arm64 0.1.1 4.00 28.00 32.00 OK
r-release-macos-x86_64 0.1.1 12.00 55.00 67.00 OK
r-release-windows-x86_64 0.1.1 9.00 73.00 82.00 OK
r-oldrel-macos-arm64 0.1.1 3.00 27.00 30.00 NOTE
r-oldrel-macos-x86_64 0.1.1 5.00 52.00 57.00 NOTE
r-oldrel-windows-x86_64 0.1.1 11.00 89.00 100.00 NOTE

Check Details

Version: 0.1.1
Check: LazyData
Result: NOTE 'LazyData' is specified without a 'data' directory Flavors: r-oldrel-macos-arm64, r-oldrel-macos-x86_64, r-oldrel-windows-x86_64

mirror server hosted at Truenetwork, Russian Federation.