CRAN Package Check Results for Package vottrans

Last updated on 2025-11-03 17:50:07 CET.

Flavor Version Tinstall Tcheck Ttotal Status Flags
r-devel-linux-x86_64-debian-clang 1.0 1.74 21.21 22.95 NOTE
r-devel-linux-x86_64-debian-gcc 1.0 1.37 17.44 18.81 NOTE
r-devel-linux-x86_64-fedora-clang 1.0 33.01 OK
r-devel-linux-x86_64-fedora-gcc 1.0 31.42 OK
r-devel-windows-x86_64 1.0 3.00 44.00 47.00 OK
r-patched-linux-x86_64 1.0 1.77 20.28 22.05 OK
r-release-linux-x86_64 1.0 1.62 20.11 21.73 OK
r-release-macos-arm64 1.0 1.00 16.00 17.00 OK
r-release-macos-x86_64 1.0 2.00 33.00 35.00 OK
r-release-windows-x86_64 1.0 3.00 45.00 48.00 OK
r-oldrel-macos-arm64 1.0 1.00 14.00 15.00 OK
r-oldrel-macos-x86_64 1.0 2.00 29.00 31.00 OK
r-oldrel-windows-x86_64 1.0 3.00 45.00 48.00 OK

Check Details

Version: 1.0
Check: CRAN incoming feasibility
Result: NOTE Maintainer: ‘Michael Gampmayer <michael.gampmayer@gmail.com>’ No Authors@R field in DESCRIPTION. Please add one, modifying Authors@R: person(given = "Michael", family = "Gampmayer", role = c("aut", "cre"), email = "michael.gampmayer@gmail.com") as necessary. Flavors: r-devel-linux-x86_64-debian-clang, r-devel-linux-x86_64-debian-gcc

mirror server hosted at Truenetwork, Russian Federation.