Last updated on 2024-06-27 00:56:19 CEST.
Flavor | Version | Tinstall | Tcheck | Ttotal | Status | Flags |
---|---|---|---|---|---|---|
r-devel-linux-x86_64-debian-clang | 0.1.0 | OK | ||||
r-devel-linux-x86_64-debian-gcc | 0.1.0 | 8.33 | 71.84 | 80.17 | OK | |
r-devel-linux-x86_64-fedora-clang | 0.1.0 | 137.76 | NOTE | |||
r-devel-linux-x86_64-fedora-gcc | 0.1.0 | 126.53 | NOTE | |||
r-devel-windows-x86_64 | 0.1.0 | 10.00 | 91.00 | 101.00 | OK | |
r-patched-linux-x86_64 | 0.1.0 | 15.83 | 94.20 | 110.03 | OK | |
r-release-linux-x86_64 | 0.1.0 | 8.76 | 92.23 | 100.99 | OK | |
r-release-macos-arm64 | 0.1.0 | 40.00 | OK | |||
r-release-macos-x86_64 | 0.1.0 | 59.00 | OK | |||
r-release-windows-x86_64 | 0.1.0 | 11.00 | 90.00 | 101.00 | OK | |
r-oldrel-macos-arm64 | 0.1.0 | 45.00 | OK | |||
r-oldrel-macos-x86_64 | 0.1.0 | 67.00 | OK | |||
r-oldrel-windows-x86_64 | 0.1.0 | 13.00 | 105.00 | 118.00 | OK |
Version: 0.1.0
Check: dependencies in R code
Result: NOTE
Namespace in Imports field not imported from: ‘flexsurv’
All declared Imports should be used.
Flavors: r-devel-linux-x86_64-fedora-clang, r-devel-linux-x86_64-fedora-gcc