Last updated on 2025-07-12 18:49:57 CEST.
Flavor | Version | Tinstall | Tcheck | Ttotal | Status | Flags |
---|---|---|---|---|---|---|
r-devel-linux-x86_64-debian-clang | 0.2.0 | 4.97 | 51.31 | 56.28 | NOTE | |
r-devel-linux-x86_64-debian-gcc | 0.2.0 | 3.64 | 37.85 | 41.49 | NOTE | |
r-devel-linux-x86_64-fedora-clang | 0.2.0 | 86.59 | NOTE | |||
r-devel-linux-x86_64-fedora-gcc | 0.2.0 | 82.61 | NOTE | |||
r-devel-windows-x86_64 | 0.2.0 | 8.00 | 67.00 | 75.00 | NOTE | |
r-patched-linux-x86_64 | 0.2.0 | 4.65 | 47.39 | 52.04 | NOTE | |
r-release-linux-x86_64 | 0.2.0 | 4.66 | 46.85 | 51.51 | NOTE | |
r-release-macos-arm64 | 0.2.0 | 27.00 | NOTE | |||
r-release-macos-x86_64 | 0.2.0 | 46.00 | NOTE | |||
r-release-windows-x86_64 | 0.2.0 | 8.00 | 65.00 | 73.00 | NOTE | |
r-oldrel-macos-arm64 | 0.2.0 | 24.00 | OK | |||
r-oldrel-macos-x86_64 | 0.2.0 | 39.00 | OK | |||
r-oldrel-windows-x86_64 | 0.2.0 | 9.00 | 78.00 | 87.00 | OK |
Version: 0.2.0
Check: DESCRIPTION meta-information
Result: NOTE
Missing dependency on R >= 4.1.0 because package code uses the pipe
|> or function shorthand \(...) syntax added in R 4.1.0.
File(s) using such syntax:
‘flextable.R’ ‘washi_flextable.Rd’ ‘washi_scale.Rd’ ‘washi_theme.Rd’
Flavors: r-devel-linux-x86_64-debian-clang, r-devel-linux-x86_64-debian-gcc, r-devel-linux-x86_64-fedora-clang, r-devel-linux-x86_64-fedora-gcc, r-devel-windows-x86_64, r-patched-linux-x86_64, r-release-linux-x86_64, r-release-macos-arm64, r-release-macos-x86_64, r-release-windows-x86_64