CRAN Package Check Results for Package waspr

Last updated on 2025-05-28 12:49:50 CEST.

Flavor Version Tinstall Tcheck Ttotal Status Flags
r-devel-linux-x86_64-debian-clang 1.0.1 29.20 46.09 75.29 OK
r-devel-linux-x86_64-debian-gcc 1.0.1 19.13 33.21 52.34 OK
r-devel-linux-x86_64-fedora-clang 1.0.1 127.14 OK
r-devel-linux-x86_64-fedora-gcc 1.0.1 137.70 OK
r-devel-windows-x86_64 1.0.1 33.00 6.00 39.00 ERROR
r-patched-linux-x86_64 1.0.1 24.35 49.99 74.34 OK
r-release-linux-x86_64 1.0.1 27.24 50.07 77.31 OK
r-release-macos-arm64 1.0.1 50.00 OK
r-release-macos-x86_64 1.0.1 77.00 OK
r-release-windows-x86_64 1.0.1 33.00 82.00 115.00 OK
r-oldrel-macos-arm64 1.0.1 39.00 OK
r-oldrel-macos-x86_64 1.0.1 88.00 OK
r-oldrel-windows-x86_64 1.0.1 39.00 104.00 143.00 OK

Check Details

Version: 1.0.1
Check: whether package can be installed
Result: ERROR Installation failed. Flavor: r-devel-windows-x86_64

mirror server hosted at Truenetwork, Russian Federation.