CRAN Package Check Results for Package wavScalogram

Last updated on 2025-07-13 00:48:44 CEST.

Flavor Version Tinstall Tcheck Ttotal Status Flags
r-devel-linux-x86_64-debian-clang 1.1.3 6.73 52.99 59.72 NOTE
r-devel-linux-x86_64-debian-gcc 1.1.3 4.28 38.05 42.33 NOTE
r-devel-linux-x86_64-fedora-clang 1.1.3 93.71 OK
r-devel-linux-x86_64-fedora-gcc 1.1.3 88.63 OK
r-devel-windows-x86_64 1.1.3 6.00 67.00 73.00 OK
r-patched-linux-x86_64 1.1.3 6.59 50.32 56.91 OK
r-release-linux-x86_64 1.1.3 4.90 50.57 55.47 OK
r-release-macos-arm64 1.1.3 30.00 OK
r-release-macos-x86_64 1.1.3 80.00 OK
r-release-windows-x86_64 1.1.3 7.00 72.00 79.00 OK
r-oldrel-macos-arm64 1.1.3 87.00 OK
r-oldrel-macos-x86_64 1.1.3 41.00 OK
r-oldrel-windows-x86_64 1.1.3 9.00 78.00 87.00 OK

Check Details

Version: 1.1.3
Check: CRAN incoming feasibility
Result: NOTE Maintainer: ‘Vicente J. Bolos <vicente.bolos@uv.es>’ No Authors@R field in DESCRIPTION. Please add one, modifying Authors@R: c(person(given = c("Vicente", "J."), family = "Bolos", role = c("aut", "cre"), email = "vicente.bolos@uv.es"), person(given = "Rafael", family = "Benitez", role = "aut")) as necessary. Flavors: r-devel-linux-x86_64-debian-clang, r-devel-linux-x86_64-debian-gcc

mirror server hosted at Truenetwork, Russian Federation.