CRAN Package Check Results for Package wavScalogram

Last updated on 2025-11-24 11:50:23 CET.

Flavor Version Tinstall Tcheck Ttotal Status Flags
r-devel-linux-x86_64-debian-clang 1.1.3 5.10 55.29 60.39 NOTE
r-devel-linux-x86_64-debian-gcc 1.1.3 4.19 39.15 43.34 NOTE
r-devel-linux-x86_64-fedora-clang 1.1.3 14.00 80.73 94.73 OK
r-devel-linux-x86_64-fedora-gcc 1.1.3 12.00 75.87 87.87 OK
r-devel-windows-x86_64 1.1.3 8.00 64.00 72.00 OK
r-patched-linux-x86_64 1.1.3 6.24 52.51 58.75 OK
r-release-linux-x86_64 1.1.3 6.35 52.30 58.65 OK
r-release-macos-arm64 1.1.3 OK
r-release-macos-x86_64 1.1.3 5.00 75.00 80.00 OK
r-release-windows-x86_64 1.1.3 7.00 74.00 81.00 OK
r-oldrel-macos-arm64 1.1.3 OK
r-oldrel-macos-x86_64 1.1.3 4.00 37.00 41.00 OK
r-oldrel-windows-x86_64 1.1.3 9.00 80.00 89.00 OK

Check Details

Version: 1.1.3
Check: CRAN incoming feasibility
Result: NOTE Maintainer: ‘Vicente J. Bolos <vicente.bolos@uv.es>’ No Authors@R field in DESCRIPTION. Please add one, modifying Authors@R: c(person(given = c("Vicente", "J."), family = "Bolos", role = c("aut", "cre"), email = "vicente.bolos@uv.es"), person(given = "Rafael", family = "Benitez", role = "aut")) as necessary. Flavors: r-devel-linux-x86_64-debian-clang, r-devel-linux-x86_64-debian-gcc

mirror server hosted at Truenetwork, Russian Federation.