CRAN Package Check Results for Package webshot2

Last updated on 2025-11-22 17:49:46 CET.

Flavor Version Tinstall Tcheck Ttotal Status Flags
r-devel-linux-x86_64-debian-clang 0.1.2 3.62 33.86 37.48 NOTE
r-devel-linux-x86_64-debian-gcc 0.1.2 2.35 26.51 28.86 NOTE
r-devel-linux-x86_64-fedora-clang 0.1.2 54.06 OK
r-devel-linux-x86_64-fedora-gcc 0.1.2 50.60 OK
r-devel-windows-x86_64 0.1.2 8.00 49.00 57.00 OK
r-patched-linux-x86_64 0.1.2 3.81 30.66 34.47 OK
r-release-linux-x86_64 0.1.2 3.06 30.43 33.49 OK
r-release-macos-arm64 0.1.2 OK
r-release-macos-x86_64 0.1.2 3.00 30.00 33.00 OK
r-release-windows-x86_64 0.1.2 5.00 48.00 53.00 OK
r-oldrel-macos-arm64 0.1.2 OK
r-oldrel-macos-x86_64 0.1.2 4.00 43.00 47.00 OK
r-oldrel-windows-x86_64 0.1.2 7.00 56.00 63.00 OK

Check Details

Version: 0.1.2
Check: DESCRIPTION meta-information
Result: NOTE Author field differs from that derived from Authors@R Author: ‘Winston Chang [aut, cre], Barret Schloerke [ctb] (<https://orcid.org/0000-0001-9986-114X>), Posit Software, PBC [cph, fnd] (03wc8by49)’ Authors@R: ‘Winston Chang [aut, cre], Barret Schloerke [ctb] (ORCID: <https://orcid.org/0000-0001-9986-114X>), Posit Software, PBC [cph, fnd] (ROR: <https://ror.org/03wc8by49>)’ Flavors: r-devel-linux-x86_64-debian-clang, r-devel-linux-x86_64-debian-gcc

mirror server hosted at Truenetwork, Russian Federation.