CRAN Package Check Results for Package wordcloud2

Last updated on 2025-07-12 12:48:46 CEST.

Flavor Version Tinstall Tcheck Ttotal Status Flags
r-devel-linux-x86_64-debian-clang 0.2.1 1.95 29.82 31.77 NOTE
r-devel-linux-x86_64-debian-gcc 0.2.1 1.90 24.25 26.15 NOTE
r-devel-linux-x86_64-fedora-clang 0.2.1 51.04 OK
r-devel-linux-x86_64-fedora-gcc 0.2.1 62.33 OK
r-devel-windows-x86_64 0.2.1 4.00 51.00 55.00 OK
r-patched-linux-x86_64 0.2.1 2.61 28.10 30.71 OK
r-release-linux-x86_64 0.2.1 2.67 28.17 30.84 OK
r-release-macos-arm64 0.2.1 35.00 OK
r-release-macos-x86_64 0.2.1 47.00 OK
r-release-windows-x86_64 0.2.1 4.00 51.00 55.00 OK
r-oldrel-macos-arm64 0.2.1 27.00 OK
r-oldrel-macos-x86_64 0.2.1 41.00 OK
r-oldrel-windows-x86_64 0.2.1 5.00 58.00 63.00 OK

Check Details

Version: 0.2.1
Check: CRAN incoming feasibility
Result: NOTE Maintainer: ‘Dawei Lang <chiffonlang@icloud.com>’ No Authors@R field in DESCRIPTION. Please add one, modifying Authors@R: c(person(given = "Dawei", family = "Lang", role = c("aut", "cre"), email = "chiffonlang@icloud.com"), person(given = "Guan-tin", family = "Chien", role = "aut")) as necessary. Flavors: r-devel-linux-x86_64-debian-clang, r-devel-linux-x86_64-debian-gcc

mirror server hosted at Truenetwork, Russian Federation.