CRAN Package Check Results for Package wordpredictor

Last updated on 2025-07-09 12:49:52 CEST.

Flavor Version Tinstall Tcheck Ttotal Status Flags
r-devel-linux-x86_64-debian-clang 0.0.5 12.70 74.32 87.02 NOTE
r-devel-linux-x86_64-debian-gcc 0.0.5 8.53 54.55 63.08 NOTE
r-devel-linux-x86_64-fedora-clang 0.0.5 131.86 OK
r-devel-linux-x86_64-fedora-gcc 0.0.5 137.66 OK
r-devel-windows-x86_64 0.0.5 15.00 86.00 101.00 OK
r-patched-linux-x86_64 0.0.5 13.41 67.73 81.14 NOTE
r-release-linux-x86_64 0.0.5 12.33 66.95 79.28 NOTE
r-release-macos-arm64 0.0.5 44.00 OK
r-release-macos-x86_64 0.0.5 87.00 OK
r-release-windows-x86_64 0.0.5 16.00 88.00 104.00 OK
r-oldrel-macos-arm64 0.0.5 47.00 OK
r-oldrel-macos-x86_64 0.0.5 74.00 OK
r-oldrel-windows-x86_64 0.0.5 20.00 105.00 125.00 OK

Check Details

Version: 0.0.5
Check: for unstated dependencies in ‘demo’
Result: NOTE 'library' or 'require' call not declared from: ‘shiny’ Flavors: r-devel-linux-x86_64-debian-clang, r-devel-linux-x86_64-debian-gcc, r-patched-linux-x86_64, r-release-linux-x86_64

mirror server hosted at Truenetwork, Russian Federation.