Last updated on 2025-05-29 12:48:53 CEST.
Flavor | Version | Tinstall | Tcheck | Ttotal | Status | Flags |
---|---|---|---|---|---|---|
r-devel-linux-x86_64-debian-clang | 1.1-1 | 2.50 | 45.26 | 47.76 | NOTE | |
r-devel-linux-x86_64-debian-gcc | 1.1-1 | 1.91 | 35.22 | 37.13 | NOTE | |
r-devel-linux-x86_64-fedora-clang | 1.1-1 | 60.71 | OK | |||
r-devel-linux-x86_64-fedora-gcc | 1.1-1 | 57.37 | OK | |||
r-devel-windows-x86_64 | 1.1-1 | 6.00 | 61.00 | 67.00 | OK | |
r-patched-linux-x86_64 | 1.1-1 | 2.38 | 40.31 | 42.69 | OK | |
r-release-linux-x86_64 | 1.1-1 | 2.35 | 39.91 | 42.26 | OK | |
r-release-macos-arm64 | 1.1-1 | 26.00 | OK | |||
r-release-macos-x86_64 | 1.1-1 | 41.00 | OK | |||
r-release-windows-x86_64 | 1.1-1 | 6.00 | 62.00 | 68.00 | OK | |
r-oldrel-macos-arm64 | 1.1-1 | 34.00 | NOTE | |||
r-oldrel-macos-x86_64 | 1.1-1 | 47.00 | NOTE | |||
r-oldrel-windows-x86_64 | 1.1-1 | 6.00 | 69.00 | 75.00 | NOTE |
Version: 1.1-1
Check: CRAN incoming feasibility
Result: NOTE
Maintainer: ‘Hana Sevcikova <hanas@uw.edu>’
No Authors@R field in DESCRIPTION.
Please add one, modifying
Authors@R: c(person(given = c("United", "Nations", "Population"),
family = "Division",
role = "aut"),
person(given = "Hana",
family = "Sevcikova",
role = "cre",
email = "hanas@uw.edu"))
as necessary.
Flavors: r-devel-linux-x86_64-debian-clang, r-devel-linux-x86_64-debian-gcc
Version: 1.1-1
Check: installed package size
Result: NOTE
installed size is 11.4Mb
sub-directories of 1Mb or more:
data 11.3Mb
Flavors: r-oldrel-macos-arm64, r-oldrel-macos-x86_64, r-oldrel-windows-x86_64