CRAN Package Check Results for Package wpp2019

Last updated on 2025-11-24 11:50:23 CET.

Flavor Version Tinstall Tcheck Ttotal Status Flags
r-devel-linux-x86_64-debian-clang 1.1-1 1.70 46.36 48.06 NOTE
r-devel-linux-x86_64-debian-gcc 1.1-1 1.42 35.29 36.71 NOTE
r-devel-linux-x86_64-fedora-clang 1.1-1 62.05 OK
r-devel-linux-x86_64-fedora-gcc 1.1-1 58.53 OK
r-devel-windows-x86_64 1.1-1 9.00 60.00 69.00 OK
r-patched-linux-x86_64 1.1-1 1.68 42.75 44.43 OK
r-release-linux-x86_64 1.1-1 1.75 41.86 43.61 OK
r-release-macos-arm64 1.1-1 OK
r-release-macos-x86_64 1.1-1 1.00 40.00 41.00 OK
r-release-windows-x86_64 1.1-1 7.00 80.00 87.00 OK
r-oldrel-macos-arm64 1.1-1 NOTE
r-oldrel-macos-x86_64 1.1-1 2.00 45.00 47.00 NOTE
r-oldrel-windows-x86_64 1.1-1 9.00 71.00 80.00 NOTE

Check Details

Version: 1.1-1
Check: CRAN incoming feasibility
Result: NOTE Maintainer: ‘Hana Sevcikova <hanas@uw.edu>’ No Authors@R field in DESCRIPTION. Please add one, modifying Authors@R: c(person(given = c("United", "Nations", "Population"), family = "Division", role = "aut"), person(given = "Hana", family = "Sevcikova", role = "cre", email = "hanas@uw.edu")) as necessary. Flavors: r-devel-linux-x86_64-debian-clang, r-devel-linux-x86_64-debian-gcc

Version: 1.1-1
Check: installed package size
Result: NOTE installed size is 11.4Mb sub-directories of 1Mb or more: data 11.3Mb Flavors: r-oldrel-macos-arm64, r-oldrel-macos-x86_64, r-oldrel-windows-x86_64

mirror server hosted at Truenetwork, Russian Federation.