CRAN Package Check Results for Package x.ent

Last updated on 2025-05-25 00:50:20 CEST.

Flavor Version Tinstall Tcheck Ttotal Status Flags
r-devel-linux-x86_64-debian-clang 1.1.7 6.65 46.12 52.77 NOTE
r-devel-linux-x86_64-debian-gcc 1.1.7 4.33 33.72 38.05 NOTE
r-devel-linux-x86_64-fedora-clang 1.1.7 83.10 NOTE
r-devel-linux-x86_64-fedora-gcc 1.1.7 76.88 NOTE
r-devel-windows-x86_64 1.1.7 13.00 66.00 79.00 NOTE
r-patched-linux-x86_64 1.1.7 5.48 44.47 49.95 NOTE
r-release-linux-x86_64 1.1.7 5.65 43.93 49.58 NOTE
r-release-macos-arm64 1.1.7 26.00 NOTE
r-release-macos-x86_64 1.1.7 52.00 NOTE
r-release-windows-x86_64 1.1.7 10.00 62.00 72.00 NOTE
r-oldrel-macos-arm64 1.1.7 26.00 NOTE
r-oldrel-macos-x86_64 1.1.7 38.00 NOTE
r-oldrel-windows-x86_64 1.1.7 11.00 73.00 84.00 NOTE

Check Details

Version: 1.1.7
Check: Rd files
Result: NOTE checkRd: (-1) xshow.Rd:19: Lost braces in \enumerate; meant \describe ? checkRd: (-1) xshow.Rd:20: Lost braces in \enumerate; meant \describe ? Flavors: r-devel-linux-x86_64-debian-clang, r-devel-linux-x86_64-debian-gcc, r-devel-linux-x86_64-fedora-clang, r-devel-linux-x86_64-fedora-gcc, r-devel-windows-x86_64, r-patched-linux-x86_64, r-release-linux-x86_64, r-release-macos-arm64, r-release-macos-x86_64, r-release-windows-x86_64, r-oldrel-macos-arm64, r-oldrel-macos-x86_64, r-oldrel-windows-x86_64

Version: 1.1.7
Check: Rd cross-references
Result: NOTE Found the following Rd file(s) with Rd \link{} targets missing package anchors: xtest.Rd: compareGrowthCurves Please provide package anchors for all Rd \link{} targets not in the package itself and the base packages. Flavors: r-devel-linux-x86_64-debian-clang, r-devel-linux-x86_64-debian-gcc, r-devel-windows-x86_64, r-patched-linux-x86_64, r-release-linux-x86_64, r-release-windows-x86_64

mirror server hosted at Truenetwork, Russian Federation.