CRAN Package Check Results for Package xhaz

Last updated on 2025-11-24 11:50:23 CET.

Flavor Version Tinstall Tcheck Ttotal Status Flags
r-devel-linux-x86_64-debian-clang 2.0.2 15.31 201.56 216.87 NOTE
r-devel-linux-x86_64-debian-gcc 2.0.2 10.54 133.12 143.66 NOTE
r-devel-linux-x86_64-fedora-clang 2.0.2 33.00 317.45 350.45 OK
r-devel-linux-x86_64-fedora-gcc 2.0.2 42.00 316.78 358.78 OK
r-devel-windows-x86_64 2.0.2 22.00 250.00 272.00 OK
r-patched-linux-x86_64 2.0.2 16.04 192.69 208.73 OK
r-release-linux-x86_64 2.0.2 14.63 193.44 208.07 OK
r-release-macos-arm64 2.0.2 OK
r-release-macos-x86_64 2.0.2 12.00 202.00 214.00 OK
r-release-windows-x86_64 2.0.2 16.00 268.00 284.00 OK
r-oldrel-macos-arm64 2.0.2 OK
r-oldrel-macos-x86_64 2.0.2 22.00 277.00 299.00 OK
r-oldrel-windows-x86_64 2.0.2 22.00 312.00 334.00 OK

Check Details

Version: 2.0.2
Check: CRAN incoming feasibility
Result: NOTE Maintainer: ‘Juste Goungounga <juste.goungounga@ehesp.fr>’ No Authors@R field in DESCRIPTION. Please add one, modifying Authors@R: c(person(given = "Juste", family = "Goungounga", role = c("aut", "cre"), email = "juste.goungounga@ehesp.fr", comment = c(ORCID = "0000-0002-9039-2639")), person(given = "Hadrien", family = "Charvat", role = "aut", comment = c(ORCID = "0000-0003-3624-1394")), person(given = "Darlin", family = "Mba", role = "aut", comment = c(ORCID = "0000-0001-9768-0230")), person(given = "Nathalie", family = "Graffeo", role = "aut", comment = c(ORCID = "0000-0001-7227-7525")), person(given = "Roch", family = "Giorgi", role = "aut", comment = c(ORCID = "0000-0001-6135-3078"))) as necessary. Flavors: r-devel-linux-x86_64-debian-clang, r-devel-linux-x86_64-debian-gcc

mirror server hosted at Truenetwork, Russian Federation.