CRAN Package Check Results for Package xkcdcolors

Last updated on 2025-05-27 18:50:05 CEST.

Flavor Version Tinstall Tcheck Ttotal Status Flags
r-devel-linux-x86_64-debian-clang 1.0 1.60 18.26 19.86 NOTE
r-devel-linux-x86_64-debian-gcc 1.0 1.27 14.77 16.04 NOTE
r-devel-linux-x86_64-fedora-clang 1.0 31.04 OK
r-devel-linux-x86_64-fedora-gcc 1.0 29.23 OK
r-devel-windows-x86_64 1.0 3.00 45.00 48.00 OK
r-patched-linux-x86_64 1.0 1.67 17.25 18.92 OK
r-release-linux-x86_64 1.0 1.62 17.50 19.12 OK
r-release-macos-arm64 1.0 15.00 OK
r-release-macos-x86_64 1.0 24.00 OK
r-release-windows-x86_64 1.0 3.00 47.00 50.00 OK
r-oldrel-macos-arm64 1.0 15.00 OK
r-oldrel-macos-x86_64 1.0 23.00 OK
r-oldrel-windows-x86_64 1.0 2.00 46.00 48.00 OK

Check Details

Version: 1.0
Check: CRAN incoming feasibility
Result: NOTE Maintainer: ‘Thomas Lumley <t.lumley@auckland.ac.nz>’ No Authors@R field in DESCRIPTION. Please add one, modifying Authors@R: c(person(given = "Thomas", family = "Lumley", role = c("aut", "cre"), email = "t.lumley@auckland.ac.nz"), person(given = c("using", "data", "from", "Randall"), family = "Munroe", role = "aut"), person(given = c("about", "2.2e5", "survey"), family = "participants", role = "aut")) as necessary. Flavors: r-devel-linux-x86_64-debian-clang, r-devel-linux-x86_64-debian-gcc

mirror server hosted at Truenetwork, Russian Federation.