Last updated on 2025-05-28 00:49:18 CEST.
Flavor | Version | Tinstall | Tcheck | Ttotal | Status | Flags |
---|---|---|---|---|---|---|
r-devel-linux-x86_64-debian-clang | 0.6.1 | 3.50 | 26.12 | 29.62 | WARN | |
r-devel-linux-x86_64-debian-gcc | 0.6.1 | 2.50 | 19.98 | 22.48 | WARN | |
r-devel-linux-x86_64-fedora-clang | 0.6.1 | 44.89 | OK | |||
r-devel-linux-x86_64-fedora-gcc | 0.6.1 | 42.59 | OK | |||
r-devel-windows-x86_64 | 0.6.1 | 7.00 | 45.00 | 52.00 | OK | |
r-patched-linux-x86_64 | 0.6.1 | 2.86 | 25.04 | 27.90 | OK | |
r-release-linux-x86_64 | 0.6.1 | 3.37 | 25.23 | 28.60 | OK | |
r-release-macos-arm64 | 0.6.1 | 22.00 | OK | |||
r-release-macos-x86_64 | 0.6.1 | 38.00 | OK | |||
r-release-windows-x86_64 | 0.6.1 | 5.00 | 48.00 | 53.00 | OK | |
r-oldrel-macos-arm64 | 0.6.1 | 24.00 | NOTE | |||
r-oldrel-macos-x86_64 | 0.6.1 | 27.00 | NOTE | |||
r-oldrel-windows-x86_64 | 0.6.1 | 5.00 | 43.00 | 48.00 | NOTE |
Version: 0.6.1
Check: for code which exercises the package
Result: WARN
No examples, no tests, no vignettes
Flavors: r-devel-linux-x86_64-debian-clang, r-devel-linux-x86_64-debian-gcc
Version: 0.6.1
Check: installed package size
Result: NOTE
installed size is 10.8Mb
sub-directories of 1Mb or more:
java 10.7Mb
Flavors: r-oldrel-macos-arm64, r-oldrel-macos-x86_64, r-oldrel-windows-x86_64