CRAN Package Check Results for Package xmlconvert

Last updated on 2025-05-25 00:50:20 CEST.

Flavor Version Tinstall Tcheck Ttotal Status Flags
r-devel-linux-x86_64-debian-clang 0.1.2 1.83 22.48 24.31 NOTE
r-devel-linux-x86_64-debian-gcc 0.1.2 1.49 18.07 19.56 NOTE
r-devel-linux-x86_64-fedora-clang 0.1.2 39.41 NOTE
r-devel-linux-x86_64-fedora-gcc 0.1.2 36.62 NOTE
r-devel-windows-x86_64 0.1.2 5.00 67.00 72.00 NOTE
r-patched-linux-x86_64 0.1.2 2.25 21.71 23.96 NOTE
r-release-linux-x86_64 0.1.2 2.00 21.63 23.63 NOTE
r-release-macos-arm64 0.1.2 17.00 NOTE
r-release-macos-x86_64 0.1.2 31.00 NOTE
r-release-windows-x86_64 0.1.2 4.00 43.00 47.00 NOTE
r-oldrel-macos-arm64 0.1.2 17.00 NOTE
r-oldrel-macos-x86_64 0.1.2 23.00 NOTE
r-oldrel-windows-x86_64 0.1.2 5.00 47.00 52.00 NOTE

Check Details

Version: 0.1.2
Check: Rd files
Result: NOTE checkRd: (-1) xml_to_df.Rd:144: Lost braces; missing escapes or markup? 144 | Default {NULL} means the workbook will not be protected with a password} | ^ Flavors: r-devel-linux-x86_64-debian-clang, r-devel-linux-x86_64-debian-gcc, r-devel-linux-x86_64-fedora-clang, r-devel-linux-x86_64-fedora-gcc, r-devel-windows-x86_64, r-patched-linux-x86_64, r-release-linux-x86_64, r-release-macos-arm64, r-release-macos-x86_64, r-release-windows-x86_64, r-oldrel-macos-arm64, r-oldrel-macos-x86_64, r-oldrel-windows-x86_64

mirror server hosted at Truenetwork, Russian Federation.