Last updated on 2025-11-04 11:52:48 CET.
| Flavor | Version | Tinstall | Tcheck | Ttotal | Status | Flags | 
|---|---|---|---|---|---|---|
| r-devel-linux-x86_64-debian-clang | 1.1.0 | 34.58 | 79.19 | 113.77 | OK | |
| r-devel-linux-x86_64-debian-gcc | 1.1.0 | 22.50 | 62.33 | 84.83 | OK | |
| r-devel-linux-x86_64-fedora-clang | 1.1.0 | 62.00 | 112.46 | 174.46 | NOTE | |
| r-devel-linux-x86_64-fedora-gcc | 1.1.0 | 115.00 | 55.75 | 170.75 | NOTE | |
| r-devel-windows-x86_64 | 1.1.0 | 33.00 | 75.00 | 108.00 | OK | |
| r-patched-linux-x86_64 | 1.1.0 | 32.62 | 69.25 | 101.87 | OK | |
| r-release-linux-x86_64 | 1.1.0 | 32.57 | 68.78 | 101.35 | OK | |
| r-release-macos-arm64 | 1.1.0 | 24.00 | 37.00 | 61.00 | OK | |
| r-release-macos-x86_64 | 1.1.0 | 58.00 | 94.00 | 152.00 | OK | |
| r-release-windows-x86_64 | 1.1.0 | 33.00 | 75.00 | 108.00 | OK | |
| r-oldrel-macos-arm64 | 1.1.0 | 24.00 | 36.00 | 60.00 | OK | |
| r-oldrel-macos-x86_64 | 1.1.0 | 32.00 | 54.00 | 86.00 | OK | |
| r-oldrel-windows-x86_64 | 1.1.0 | 47.00 | 92.00 | 139.00 | OK | 
Version: 1.1.0
Check: dependencies in R code
Result: NOTE
  Namespace in Imports field not imported from: ‘spelling’
    All declared Imports should be used.
Flavors: r-devel-linux-x86_64-fedora-clang, r-devel-linux-x86_64-fedora-gcc