CRAN Package Check Results for Package zic

Last updated on 2025-11-03 17:50:07 CET.

Flavor Version Tinstall Tcheck Ttotal Status Flags
r-devel-linux-x86_64-debian-clang 0.9.1 39.20 27.38 66.58 NOTE
r-devel-linux-x86_64-debian-gcc 0.9.1 21.89 21.87 43.76 NOTE
r-devel-linux-x86_64-fedora-clang 0.9.1 75.00 47.47 122.47 OK
r-devel-linux-x86_64-fedora-gcc 0.9.1 76.00 28.62 104.62 OK
r-devel-windows-x86_64 0.9.1 48.00 66.00 114.00 OK
r-patched-linux-x86_64 0.9.1 36.56 26.03 62.59 OK
r-release-linux-x86_64 0.9.1 36.29 25.91 62.20 OK
r-release-macos-arm64 0.9.1 14.00 18.00 32.00 OK
r-release-macos-x86_64 0.9.1 17.00 28.00 45.00 OK
r-release-windows-x86_64 0.9.1 48.00 65.00 113.00 OK
r-oldrel-macos-arm64 0.9.1 17.00 17.00 34.00 OK
r-oldrel-macos-x86_64 0.9.1 13.00 25.00 38.00 OK
r-oldrel-windows-x86_64 0.9.1 55.00 79.00 134.00 OK

Check Details

Version: 0.9.1
Check: CRAN incoming feasibility
Result: NOTE Maintainer: ‘Markus Jochmann <markus.jochmann@ncl.ac.uk>’ No Authors@R field in DESCRIPTION. Please add one, modifying Authors@R: person(given = "Markus", family = "Jochmann", role = c("aut", "cre"), email = "markus.jochmann@ncl.ac.uk") as necessary. Flavors: r-devel-linux-x86_64-debian-clang, r-devel-linux-x86_64-debian-gcc

mirror server hosted at Truenetwork, Russian Federation.