Last updated on 2025-11-01 23:50:21 CET.
| Flavor | Version | Tinstall | Tcheck | Ttotal | Status | Flags |
|---|---|---|---|---|---|---|
| r-devel-linux-x86_64-debian-clang | 1.8-14 | 8.79 | 91.21 | 100.00 | OK | |
| r-devel-linux-x86_64-debian-gcc | 1.8-14 | 5.95 | 61.57 | 67.52 | OK | |
| r-devel-linux-x86_64-fedora-clang | 1.8-14 | 18.00 | 125.35 | 143.35 | OK | |
| r-devel-linux-x86_64-fedora-gcc | 1.8-14 | 17.00 | 134.36 | 151.36 | OK | |
| r-devel-windows-x86_64 | 1.8-14 | 17.00 | 173.00 | 190.00 | OK | |
| r-patched-linux-x86_64 | 1.8-14 | 7.61 | 84.99 | 92.60 | OK | |
| r-release-linux-x86_64 | 1.8-14 | 6.54 | 84.66 | 91.20 | OK | |
| r-release-macos-arm64 | 1.8-14 | 7.00 | 111.00 | 118.00 | OK | |
| r-release-macos-x86_64 | 1.8-14 | 26.00 | 242.00 | 268.00 | OK | |
| r-release-windows-x86_64 | 1.8-14 | 1.00 | 5.00 | 6.00 | ERROR | |
| r-oldrel-macos-arm64 | 1.8-14 | 7.00 | 97.00 | 104.00 | OK | |
| r-oldrel-macos-x86_64 | 1.8-14 | 20.00 | 237.00 | 257.00 | OK | |
| r-oldrel-windows-x86_64 | 1.8-14 | 18.00 | 195.00 | 213.00 | OK |
Version: 1.8-14
Check: whether package can be installed
Result: ERROR
Installation failed.
Flavor: r-release-windows-x86_64