CRAN Package Check Results for Package KFPCA

Last updated on 2025-11-24 11:50:10 CET.

Flavor Version Tinstall Tcheck Ttotal Status Flags
r-devel-linux-x86_64-debian-clang 2.0 2.64 44.18 46.82 NOTE
r-devel-linux-x86_64-debian-gcc 2.0 1.81 30.16 31.97 NOTE
r-devel-linux-x86_64-fedora-clang 2.0 72.76 OK
r-devel-windows-x86_64 2.0 6.00 61.00 67.00 OK
r-patched-linux-x86_64 2.0 2.59 41.23 43.82 OK
r-release-linux-x86_64 2.0 2.59 41.75 44.34 OK
r-release-macos-arm64 2.0 OK
r-release-macos-x86_64 2.0 2.00 41.00 43.00 OK
r-release-windows-x86_64 2.0 5.00 72.00 77.00 OK
r-oldrel-macos-arm64 2.0 OK
r-oldrel-macos-x86_64 2.0 2.00 51.00 53.00 OK
r-oldrel-windows-x86_64 2.0 6.00 71.00 77.00 OK

Check Details

Version: 2.0
Check: CRAN incoming feasibility
Result: NOTE Maintainer: ‘Rou Zhong <zhong_rou@163.com>’ The Description field contains Shishi Liu, Haocheng Li, Jingxiao Zhang. (2021) <arXiv:2102.01286>. Rou Please refer to arXiv e-prints via their arXiv DOI <doi:10.48550/arXiv.YYMM.NNNNN>. Flavors: r-devel-linux-x86_64-debian-clang, r-devel-linux-x86_64-debian-gcc

mirror server hosted at Truenetwork, Russian Federation.